70. Is (r/l - -3)*-2 prime?
True
Let r(t) = 2*t**2 + 6*t + 9. Let v be r(-2). Suppose -4*d - 3*f - 4 = -0*f, -v*f = -d - 1. Let i(j) = -80*j**3 - 2*j**2 - j. Is i(d) a composite number?
False
Is ((-3)/((-18)/(-4)))/(10/(-875145)) composite?
True
Let f(c) = -c**3 - 9*c**2 - 9*c - 6. Let s be f(-8). Suppose s*l - 41 + 13 = 0. Suppose 11*t - l*t = -474. Is t a prime number?
False
Let j be ((-8)/30)/((-98)/735). Is j*(-28616)/(-16) - 6 composite?
False
Let o(c) = -c**3 - 34*c**2 + 30*c - 24. Let u be o(-26). Let n = u - -9624. Suppose 0 = 143*v - 147*v + n. Is v a composite number?
False
Let r be 14412/9 - 19/57. Suppose -x + r = -3540. Is x a prime number?
False
Let q(a) be the second derivative of a**4/12 + 3*a**3/2 - 4*a**2 + 10*a. Let g be q(-10). Is g + 879/3 - -3 a prime number?
False
Let z(a) = a**2 + a - 2. Let b be z(-2). Let i be (b/2)/((-1)/2*4). Suppose i = -5*w + 3*r + 1118, 3*r = -3*w + 2*r + 668. Is w prime?
True
Let u(w) be the first derivative of 63*w**2/2 - 82*w + 2. Is u(17) prime?
False
Suppose 34 = -9*k + 6*k + 5*d, 0 = 5*k + 4*d - 5. Is ((-14579)/k - -1) + (-10)/(-30) a prime number?
True
Is (-62452)/78*981/(-6) prime?
False
Let b(j) = -982*j - 39. Let r be 2 + 1 + 28 + -32. Is b(r) a prime number?
False
Suppose -3*c - 582 = -5*c - 2*i, -865 = -3*c - i. Let g = 960 + c. Is g a prime number?
False
Let d = 17 + -12. Suppose -5*z - 12 = d*v - 6*z, -3*v + 4*z + 3 = 0. Let b(m) = 3*m**2 - m + 7. Is b(v) a composite number?
False
Is 266/(-4655) + (-62405634)/(-70) a composite number?
False
Is -3 + 5 + -4304*3/(-2) a composite number?
True
Let x = 81 + -81. Suppose x = 3*u - 3*n - 120 - 6294, 5*n = 0. Is u prime?
False
Suppose -15*x - 4*a = -20*x + 31781, x = -a + 6358. Let h = 88 + x. Is h a prime number?
False
Suppose -24 = -4*a - 3*j, -2*a + 13 - 1 = 5*j. Suppose -a*d + 3*d + 7566 = l, -2*d = -4*l - 5030. Is d a composite number?
False
Suppose -5*w - 323390 = -5*i, -837 - 193199 = -3*i + w. Is i a prime number?
True
Suppose -3*j = -0*j + 3*c, -4*c = 3*j - 1. Let u(y) = -2307*y - 20. Is u(j) a prime number?
True
Let v = 294 + -293. Is (2/(-4))/(v/(-18458)) + -2 composite?
False
Suppose 0 = -44*t + 47*t - 72. Let u = t + -22. Suppose -6*v + 5*v + 5*b = -78, -u*b = v - 43. Is v a composite number?
False
Let s(o) be the first derivative of -63*o**2/2 + 7*o - 14. Suppose -5*g + 3*x - 82 = 0, 0 = -5*g + 8*x - 3*x - 90. Is s(g) prime?
False
Let u = -13688 + 7853. Let v = 28150 + u. Is v composite?
True
Suppose 3*w - 246 = -5*q, q - 5*w - 66 = -0*q. Let n(l) = 6 - q*l - 81*l - 1. Is n(-3) composite?
False
Suppose 15*c - 27 = 63. Is 113370/20*4/c a prime number?
True
Let c be ((-39)/2)/((-15)/(-30)) - 1. Is (-258080)/c - (2 - -1) composite?
False
Suppose 4*r + 21 = 5*r. Let g = 3287 + -3709. Let j = r - g. Is j prime?
True
Let q(a) be the second derivative of 173*a**4/12 - 5*a**3/3 + a**2/2 - a - 18. Is q(4) a composite number?
False
Suppose 25 = -5*p, p - 66 = -3*w + 187. Suppose -16*m + w = -10. Is (264580/(-50))/((-1)/(15/m)) prime?
True
Suppose -347945 = -t - 4*d + 294692, d + 2570446 = 4*t. Is t a composite number?
False
Let l(z) = 2275*z**2 - 9*z + 20. Let y(k) = 4550*k**2 - 19*k + 40. Let q(a) = 7*l(a) - 3*y(a). Is q(3) prime?
True
Let r = -394393 + 634980. Is r a prime number?
True
Let r = 4768 - 2586. Let c = -877 + r. Suppose -3*o + c = -4*d, 0*o - 4*d = 3*o - 1329. Is o composite?
False
Let t(a) = 51*a**2 - 17*a + 69. Let q be 7 + (4 + -7)/((-9)/(-6)). Is t(q) a composite number?
False
Let y = 255573 + -170518. Is y a prime number?
False
Let c = -256 + 259. Suppose 0 = -5*v - c*l + 7688 - 828, -2*v + 4*l = -2718. Is v a composite number?
True
Let j = 29 + -44. Let x = 6 + j. Is (-4012)/x + -6*(-5)/135 a composite number?
True
Suppose 3740625 = 123*p - 2486496. Is p composite?
False
Suppose -3*v + 13248 + 41777 = 5*a, 91765 = 5*v - 3*a. Let i = v + -5257. Is i prime?
True
Suppose 0 = -7*s + 3*s - 4*s. Suppose -260*v + 258*v + 9454 = s. Is v prime?
False
Suppose -143*k - 30 = -140*k. Is k/15*(-2115)/6 prime?
False
Suppose 0 = 3*u - r - 455, u + r - 26 = 131. Suppose -1324 = -7*d + u. Is d a composite number?
False
Suppose 0 = -0*g - g + 10. Let s be (2/g*-6)/((-4)/10). Suppose -4*a - 4*i = 79 - 2439, s*a - 2*i - 1755 = 0. Is a a composite number?
False
Suppose 2*x - 5*k + 1664 = x, 0 = 4*x + 2*k + 6568. Suppose -5*u + u = -3*v + 23, 3*v - 3*u = 18. Is (-7 - x)*(2 - v) a composite number?
False
Let k = 1368 + -761. Suppose 10*a - 3729 - 5691 = 0. Let h = a - k. Is h a prime number?
False
Let z(r) be the third derivative of 11*r**5/15 + 2*r**4/3 - 3*r**3/2 - 37*r**2 - 2. Is z(-4) prime?
True
Suppose -6*v = -7*v + 13. Let n(g) = g**3 - 3*g**2 - 17*g + 12. Let m be n(v). Let a = m + 912. Is a composite?
False
Let c(d) = 11826*d**3 + 3*d**2 + d - 1. Let k be c(-1). Let l = k + 26346. Is l composite?
True
Let u = -92 + 142. Suppose -9*b - u = b. Is ((-3)/(-2))/(b/(-410)) a composite number?
True
Suppose -762 = 3*d - 0*d. Let q = 416 + d. Let o = 289 + q. Is o prime?
False
Let v = 5893 + 42864. Is v a prime number?
True
Let b(d) = -d**3 + 4*d**2 + 7*d + 28. Let s be b(6). Is (1/2*s)/((-2)/4634) a composite number?
True
Let k(t) = -2*t**3 - 33*t**2 + 17*t + 5. Let q be k(-17). Is q + -6 - -2 - -3793 - 3 prime?
False
Let a = 126 + 45. Let t = 1693 - a. Is t a composite number?
True
Suppose 586539 = 3*i - 90015. Suppose -17*t + 454125 = -i. Is t composite?
False
Let n(t) = 60*t**2 + 90*t + 3119. Is n(109) a composite number?
False
Let v = 4 + -1. Suppose v*f + 396 = -2*n - 0*n, n = 0. Is ((-5)/(-15))/((-2)/f) prime?
False
Suppose 22*w - 5*m + 10449140 = 27*w, -5*w = -3*m - 10449164. Is w a composite number?
False
Suppose g = -4*r + 21401, 48*r + 4*g = 46*r + 10718. Is r prime?
False
Let p = 593 - -82. Is 6/(-9)*-6 + p prime?
False
Suppose 2*b = -5 + 9. Suppose -o + 88 = 3*v, o - b*v - 209 = -2*o. Let c = o + 176. Is c composite?
True
Suppose -h + 200 = 3*h. Let m be 3 + 9/(18/4). Let q = m + h. Is q prime?
False
Let a = 105 - 55. Let l = a + -48. Suppose 2*t = -l*t + 380. Is t prime?
False
Suppose -4*f - r = -29021 - 93506, -r - 122521 = -4*f. Is f a composite number?
False
Let u(v) = 20*v**2 - 28*v + 641. Is u(-36) prime?
False
Suppose -4*n + 1178214 = -2311030. Is n a composite number?
True
Suppose -c - 42 = -1. Let w = -37 - c. Suppose -1822 = -2*t - w*h, 4*t - 3644 = 5*h - h. Is t prime?
True
Let t be (9 - -24)*1*-1. Let a = 32 + t. Is 1/(2484/(-2486) - a) composite?
True
Let p(w) = 80895*w**3 + 8*w - 6. Is p(1) a composite number?
False
Let a(t) = -t**3 + 16*t**2 - 13*t - 1. Let d be a(-13). Suppose -2*q - 2*q - o + d = 0, -q - 3*o + 1281 = 0. Suppose -2*y + 3812 = q. Is y a prime number?
False
Let i = -93 + 91. Is i/38*-2 + 11267025/665 a prime number?
True
Let t(j) = -j**2 - 6*j + 5. Let r be t(-6). Is -1915*((r - 4) + -2) a prime number?
False
Let t(q) = 3738*q - 80. Let n be t(6). Suppose -4*f - 4*r = -n, r - 22360 = -2*f - 2*f. Is f a prime number?
True
Let a = 68 - -9. Let y be 28/(-42) - (8/(-3) - 1). Is a + y/6*0 a composite number?
True
Let q(f) = 227*f - 9. Let z(y) = 113*y - 5. Let s(x) = 2*q(x) - 5*z(x). Suppose -149 = -3*b - 161. Is s(b) prime?
False
Let k = -47 + 58. Suppose 3*m + k = 20. Is m/24*-2 + (-890)/(-8) composite?
True
Suppose 0 = 12*h - 11*h - 24. Suppose 3*t + 12 - h = 0. Is t + (-164)/(-4)*17 a composite number?
False
Let b(w) = 200*w**2 + 3*w. Let v be b(-2). Let c(o) = 3*o**2 + 21*o + 117. Let u be c(-10). Let g = v - u. Is g a composite number?
False
Suppose 11*v = 14*v + 12. Let p(k) = -17*k**3 + 4*k**2 + 5*k - 1. Let t(h) = -17*h**3 + 4*h**2 + 4*h. Let f(o) = v*p(o) + 5*t(o). Is f(-3) a prime number?
True
Let i = 323 - 321. Is -12 - -8736 - (i - 3*-1) composite?
False
Suppose i - 29859 = 5*t, -3*i - 2*t - 7013 = -96556. Is i a composite number?
True
Suppose 3 = -z - 0. Let d be 18/144 + (-47)/(-8) - -10. Is z + 337*d/4 composite?
True
Let x = 162 - 160. Suppose -3*q + 2*d + 4782 = 5*d, x*d = 3*q - 4782. Is q composite?
True
Suppose 7*q + 33 = 9*q + x, 0 = -5*q - 2*x + 80. Let p be (q/6)/(-6*(-2)/36). Suppose -2039 = -p*k + 2070. Is k composite?
False
Let y = -97 - -97. Suppose 0 = -8*f - y*f + 9088. Is f - ((-4)/(-18) - 87/27) a prime number?
False
Suppose -73*y - 9862 = -74*y. Suppose -3*v + y = 4